{"id":103,"date":"2023-07-22T18:31:53","date_gmt":"2023-07-22T16:31:53","guid":{"rendered":"https:\/\/wptest.melanie-korte.com\/?page_id=103"},"modified":"2026-03-21T08:51:45","modified_gmt":"2026-03-21T07:51:45","slug":"impressum","status":"publish","type":"page","link":"https:\/\/melanie-korte.com\/?page_id=103","title":{"rendered":"Impressum"},"content":{"rendered":"\n<p>Inhaberin: Melanie Korte, Diplom Kommunkationsdesignerin<\/p>\n\n\n\n<p>Pflichtangaben gem\u00e4\u00df \u00a7 5 Telemediengesetz<\/p>\n\n\n\n<p>Anschrift (registered office):<\/p>\n\n\n\n<p>Melanie Korte<br>Kopernikusstra\u00dfe 20<br>22147 Hamburg<\/p>\n\n\n\n<p>Email: info@melanie-korte.com<br>Ust. ID: DE 267 595 702<\/p>\n\n\n\n<p>Haftungsausschluss<\/p>\n\n\n\n<p>Diese Website enth\u00e4lt Verkn\u00fcpfungen zu Websites Dritter. Diese Websites unterliegen der Haftung der jeweiligen Betreiber. Der Anbieter hat bei der erstmaligen Verkn\u00fcpfung der externen Links die fremden Inhalte daraufhin \u00fcberpr\u00fcft, ob etwaige Rechtsverst\u00f6\u00dfe bestehen. Zu dem Zeitpunkt waren keine Rechtsverst\u00f6\u00dfe ersichtlich. Der Anbieter hat keinerlei Einfluss auf die aktuelle und zuk\u00fcnftige Gestaltung und auf die Inhalte der verkn\u00fcpften Seiten. Das Setzen von externen Links bedeutet nicht, dass sich der Anbieter die hinter dem Verweis oder Link liegenden Inhalte zu Eigen macht. Eine st\u00e4ndige Kontrolle der externen Links ist f\u00fcr den Anbieter ohne konkrete Hinweise auf Rechtsverst\u00f6\u00dfe nicht zumutbar. Bei Kenntnis von Rechtsverst\u00f6\u00dfen werden jedoch derartige externe Links unverz\u00fcglich gel\u00f6scht<\/p>\n\n\n\n<p>Alle Informationen auf dieser Website sind unverbindlich. Die Inhaberin \u00fcbernimmt keine Gew\u00e4hr f\u00fcr Richtigkeit, Vollst\u00e4ndigkeit oder Aktualit\u00e4t und beh\u00e4lt sich vor, Teile oder das gesamte Angebot ohne gesonderte Ank\u00fcndigung zu ver\u00e4ndern, zu erg\u00e4nzen, zu l\u00f6schen oder einzustellen. Die Haftung f\u00fcr den Inhalt der abrufbaren Informationen wird ausgeschlossen, soweit es sich nicht um vors\u00e4tzliche oder grob fahrl\u00e4ssige Falschinformation handelt. Verpflichtungen zur Entfernung oder Sperrung der Nutzung von Informationen nach den allgemeinen Gesetzen bleiben hiervon unber\u00fchrt. Eine diesbez\u00fcgliche Haftung ist jedoch erst ab dem Zeitpunkt der Kenntnis einer konkreten Rechtsverletzung m\u00f6glich. Bei Bekanntwerden von entsprechenden Rechtsverletzungen werden diese Inhalte umgehend entfernt.<\/p>\n\n\n\n<p>Urheberrecht<\/p>\n\n\n\n<p>Die auf dieser Website ver\u00f6ffentlichten Inhalte unterliegen dem deutschen Urheber- und Leistungsschutzrecht. Jede vom deutschen Urheber- und Leistungsschutzrecht nicht zugelassene Verwertung bedarf der vorherigen schriftlichen Genehmigung des Anbieters oder jeweiligen Rechteinhabers. Dies gilt insbesondere f\u00fcr Vervielf\u00e4ltigung, Bearbeitung, \u00dcbersetzung, Einspeicherung, Verarbeitung bzw. Wiedergabe von Inhalten. Inhalte und Rechte Dritter sind dabei als solche gekennzeichnet. Lediglich die Herstellung von Kopien und Downloads f\u00fcr den pers\u00f6nlichen, privaten und nicht kommerziellen Gebrauch ist erlaubt.<\/p>\n","protected":false},"excerpt":{"rendered":"<p>Inhaberin: Melanie Korte, Diplom Kommunkationsdesignerin Pflichtangaben gem\u00e4\u00df \u00a7 5 Telemediengesetz Anschrift (registered office): Melanie KorteKopernikusstra\u00dfe 2022147 Hamburg Email: info@melanie-korte.comUst. ID: DE 267 595 702 Haftungsausschluss Diese Website enth\u00e4lt Verkn\u00fcpfungen zu Websites Dritter. Diese Websites unterliegen der Haftung der jeweiligen Betreiber. Der Anbieter hat bei der erstmaligen Verkn\u00fcpfung der externen Links die fremden Inhalte daraufhin \u00fcberpr\u00fcft, [&hellip;]<\/p>\n","protected":false},"author":1,"featured_media":0,"parent":0,"menu_order":0,"comment_status":"closed","ping_status":"closed","template":"","meta":{"footnotes":""},"class_list":["post-103","page","type-page","status-publish","hentry"],"_links":{"self":[{"href":"https:\/\/melanie-korte.com\/index.php?rest_route=\/wp\/v2\/pages\/103","targetHints":{"allow":["GET"]}}],"collection":[{"href":"https:\/\/melanie-korte.com\/index.php?rest_route=\/wp\/v2\/pages"}],"about":[{"href":"https:\/\/melanie-korte.com\/index.php?rest_route=\/wp\/v2\/types\/page"}],"author":[{"embeddable":true,"href":"https:\/\/melanie-korte.com\/index.php?rest_route=\/wp\/v2\/users\/1"}],"replies":[{"embeddable":true,"href":"https:\/\/melanie-korte.com\/index.php?rest_route=%2Fwp%2Fv2%2Fcomments&post=103"}],"version-history":[{"count":2,"href":"https:\/\/melanie-korte.com\/index.php?rest_route=\/wp\/v2\/pages\/103\/revisions"}],"predecessor-version":[{"id":777,"href":"https:\/\/melanie-korte.com\/index.php?rest_route=\/wp\/v2\/pages\/103\/revisions\/777"}],"wp:attachment":[{"href":"https:\/\/melanie-korte.com\/index.php?rest_route=%2Fwp%2Fv2%2Fmedia&parent=103"}],"curies":[{"name":"wp","href":"https:\/\/api.w.org\/{rel}","templated":true}]}}